{"id":52134,"date":"2016-06-01T20:14:59","date_gmt":"2016-06-01T20:14:59","guid":{"rendered":"http:\/\/www.colegiodesafio.net\/home\/?post_type=dt_gallery&#038;p=52134"},"modified":"2016-06-17T20:00:18","modified_gmt":"2016-06-17T20:00:18","slug":"02-04-cafe-da-manha-com-ex-alunos-universitarios","status":"publish","type":"dt_gallery","link":"https:\/\/www.colegiodesafio.net\/home\/dt_gallery\/02-04-cafe-da-manha-com-ex-alunos-universitarios\/","title":{"rendered":"02-04 &#8211; Caf\u00e9 da manh\u00e3 com ex-alunos (universit\u00e1rios)"},"content":{"rendered":"","protected":false},"excerpt":{"rendered":"","protected":false},"author":4,"featured_media":0,"comment_status":"open","ping_status":"closed","template":"","dt_gallery_category":[153],"_links":{"self":[{"href":"https:\/\/www.colegiodesafio.net\/home\/wp-json\/wp\/v2\/dt_gallery\/52134"}],"collection":[{"href":"https:\/\/www.colegiodesafio.net\/home\/wp-json\/wp\/v2\/dt_gallery"}],"about":[{"href":"https:\/\/www.colegiodesafio.net\/home\/wp-json\/wp\/v2\/types\/dt_gallery"}],"author":[{"embeddable":true,"href":"https:\/\/www.colegiodesafio.net\/home\/wp-json\/wp\/v2\/users\/4"}],"replies":[{"embeddable":true,"href":"https:\/\/www.colegiodesafio.net\/home\/wp-json\/wp\/v2\/comments?post=52134"}],"version-history":[{"count":0,"href":"https:\/\/www.colegiodesafio.net\/home\/wp-json\/wp\/v2\/dt_gallery\/52134\/revisions"}],"wp:attachment":[{"href":"https:\/\/www.colegiodesafio.net\/home\/wp-json\/wp\/v2\/media?parent=52134"}],"wp:term":[{"taxonomy":"dt_gallery_category","embeddable":true,"href":"https:\/\/www.colegiodesafio.net\/home\/wp-json\/wp\/v2\/dt_gallery_category?post=52134"}],"curies":[{"name":"wp","href":"https:\/\/api.w.org\/{rel}","templated":true}]}}

02-04 &#8211; Café da manhã com ex-alunos (universitários)
