{"id":63527,"date":"2018-02-15T19:18:56","date_gmt":"2018-02-15T19:18:56","guid":{"rendered":"http:\/\/www.colegiodesafio.net\/home\/?post_type=dt_gallery&#038;p=63527"},"modified":"2018-02-15T19:18:56","modified_gmt":"2018-02-15T19:18:56","slug":"divulgacao-das-aulas-extracurriculares-do-grupo-de-arte-canto-coral-flauta-teatro-bale-violao-e-danca-do-ventre","status":"publish","type":"dt_gallery","link":"https:\/\/www.colegiodesafio.net\/home\/dt_gallery\/divulgacao-das-aulas-extracurriculares-do-grupo-de-arte-canto-coral-flauta-teatro-bale-violao-e-danca-do-ventre\/","title":{"rendered":"Divulga\u00e7\u00e3o das aulas extracurriculares do Grupo de Arte &#8211; Canto Coral, Flauta, Teatro, Bal\u00e9, Viol\u00e3o e Dan\u00e7a do Ventre"},"content":{"rendered":"","protected":false},"excerpt":{"rendered":"","protected":false},"author":4,"featured_media":0,"comment_status":"open","ping_status":"closed","template":"","dt_gallery_category":[153,154],"_links":{"self":[{"href":"https:\/\/www.colegiodesafio.net\/home\/wp-json\/wp\/v2\/dt_gallery\/63527"}],"collection":[{"href":"https:\/\/www.colegiodesafio.net\/home\/wp-json\/wp\/v2\/dt_gallery"}],"about":[{"href":"https:\/\/www.colegiodesafio.net\/home\/wp-json\/wp\/v2\/types\/dt_gallery"}],"author":[{"embeddable":true,"href":"https:\/\/www.colegiodesafio.net\/home\/wp-json\/wp\/v2\/users\/4"}],"replies":[{"embeddable":true,"href":"https:\/\/www.colegiodesafio.net\/home\/wp-json\/wp\/v2\/comments?post=63527"}],"version-history":[{"count":0,"href":"https:\/\/www.colegiodesafio.net\/home\/wp-json\/wp\/v2\/dt_gallery\/63527\/revisions"}],"wp:attachment":[{"href":"https:\/\/www.colegiodesafio.net\/home\/wp-json\/wp\/v2\/media?parent=63527"}],"wp:term":[{"taxonomy":"dt_gallery_category","embeddable":true,"href":"https:\/\/www.colegiodesafio.net\/home\/wp-json\/wp\/v2\/dt_gallery_category?post=63527"}],"curies":[{"name":"wp","href":"https:\/\/api.w.org\/{rel}","templated":true}]}}

Divulgação das aulas extracurriculares do Grupo de Arte &#8211; Canto Coral, Flauta, Teatro, Balé, Violão e Dança do Ventre
