{"id":36397,"date":"2009-05-06T21:07:42","date_gmt":"2009-05-06T21:07:42","guid":{"rendered":"http:\/\/www.colegiodesafio.net\/home\/?post_type=dt_portfolio&#038;p=36397"},"modified":"2015-08-11T19:47:32","modified_gmt":"2015-08-11T19:47:32","slug":"desafio-poetico-pre-lancamento","status":"publish","type":"dt_portfolio","link":"https:\/\/www.colegiodesafio.net\/home\/videos\/desafio-poetico-pre-lancamento\/","title":{"rendered":"Desafio Po\u00e9tico &#8211; Pr\u00e9 lan\u00e7amento"},"content":{"rendered":"","protected":false},"excerpt":{"rendered":"","protected":false},"author":2,"featured_media":36398,"comment_status":"open","ping_status":"closed","template":"","dt_portfolio_category":[69],"dt_portfolio_tags":[],"_links":{"self":[{"href":"https:\/\/www.colegiodesafio.net\/home\/wp-json\/wp\/v2\/dt_portfolio\/36397"}],"collection":[{"href":"https:\/\/www.colegiodesafio.net\/home\/wp-json\/wp\/v2\/dt_portfolio"}],"about":[{"href":"https:\/\/www.colegiodesafio.net\/home\/wp-json\/wp\/v2\/types\/dt_portfolio"}],"author":[{"embeddable":true,"href":"https:\/\/www.colegiodesafio.net\/home\/wp-json\/wp\/v2\/users\/2"}],"replies":[{"embeddable":true,"href":"https:\/\/www.colegiodesafio.net\/home\/wp-json\/wp\/v2\/comments?post=36397"}],"version-history":[{"count":0,"href":"https:\/\/www.colegiodesafio.net\/home\/wp-json\/wp\/v2\/dt_portfolio\/36397\/revisions"}],"wp:featuredmedia":[{"embeddable":true,"href":"https:\/\/www.colegiodesafio.net\/home\/wp-json\/wp\/v2\/media\/36398"}],"wp:attachment":[{"href":"https:\/\/www.colegiodesafio.net\/home\/wp-json\/wp\/v2\/media?parent=36397"}],"wp:term":[{"taxonomy":"dt_portfolio_category","embeddable":true,"href":"https:\/\/www.colegiodesafio.net\/home\/wp-json\/wp\/v2\/dt_portfolio_category?post=36397"},{"taxonomy":"dt_portfolio_tags","embeddable":true,"href":"https:\/\/www.colegiodesafio.net\/home\/wp-json\/wp\/v2\/dt_portfolio_tags?post=36397"}],"curies":[{"name":"wp","href":"https:\/\/api.w.org\/{rel}","templated":true}]}}

Desafio Poético &#8211; Pré lançamento
