{"id":36456,"date":"2009-05-06T23:02:04","date_gmt":"2009-05-06T23:02:04","guid":{"rendered":"http:\/\/www.colegiodesafio.net\/home\/?post_type=dt_portfolio&#038;p=36456"},"modified":"2015-08-10T13:39:40","modified_gmt":"2015-08-10T13:39:40","slug":"pre-lancamento-do-livro-desafio-poetico-v-2","status":"publish","type":"dt_portfolio","link":"https:\/\/www.colegiodesafio.net\/home\/videos\/pre-lancamento-do-livro-desafio-poetico-v-2\/","title":{"rendered":"Pr\u00e9 Lan\u00e7amento do Livro Desafio Po\u00e9tico V"},"content":{"rendered":"","protected":false},"excerpt":{"rendered":"","protected":false},"author":2,"featured_media":36458,"comment_status":"open","ping_status":"closed","template":"","dt_portfolio_category":[69,133],"dt_portfolio_tags":[],"_links":{"self":[{"href":"https:\/\/www.colegiodesafio.net\/home\/wp-json\/wp\/v2\/dt_portfolio\/36456"}],"collection":[{"href":"https:\/\/www.colegiodesafio.net\/home\/wp-json\/wp\/v2\/dt_portfolio"}],"about":[{"href":"https:\/\/www.colegiodesafio.net\/home\/wp-json\/wp\/v2\/types\/dt_portfolio"}],"author":[{"embeddable":true,"href":"https:\/\/www.colegiodesafio.net\/home\/wp-json\/wp\/v2\/users\/2"}],"replies":[{"embeddable":true,"href":"https:\/\/www.colegiodesafio.net\/home\/wp-json\/wp\/v2\/comments?post=36456"}],"version-history":[{"count":0,"href":"https:\/\/www.colegiodesafio.net\/home\/wp-json\/wp\/v2\/dt_portfolio\/36456\/revisions"}],"wp:featuredmedia":[{"embeddable":true,"href":"https:\/\/www.colegiodesafio.net\/home\/wp-json\/wp\/v2\/media\/36458"}],"wp:attachment":[{"href":"https:\/\/www.colegiodesafio.net\/home\/wp-json\/wp\/v2\/media?parent=36456"}],"wp:term":[{"taxonomy":"dt_portfolio_category","embeddable":true,"href":"https:\/\/www.colegiodesafio.net\/home\/wp-json\/wp\/v2\/dt_portfolio_category?post=36456"},{"taxonomy":"dt_portfolio_tags","embeddable":true,"href":"https:\/\/www.colegiodesafio.net\/home\/wp-json\/wp\/v2\/dt_portfolio_tags?post=36456"}],"curies":[{"name":"wp","href":"https:\/\/api.w.org\/{rel}","templated":true}]}}

Pré Lançamento do Livro Desafio Poético V
