{"id":36461,"date":"2009-05-07T23:43:35","date_gmt":"2009-05-07T23:43:35","guid":{"rendered":"http:\/\/www.colegiodesafio.net\/home\/?post_type=dt_portfolio&#038;p=36461"},"modified":"2015-08-10T13:39:31","modified_gmt":"2015-08-10T13:39:31","slug":"2a-parte-do-pre-lancamento-do-desafio-poetico","status":"publish","type":"dt_portfolio","link":"https:\/\/www.colegiodesafio.net\/home\/videos\/2a-parte-do-pre-lancamento-do-desafio-poetico\/","title":{"rendered":"2\u00aa Parte do Pr\u00e9 Lan\u00e7amento do Desafio Po\u00e9tico"},"content":{"rendered":"","protected":false},"excerpt":{"rendered":"","protected":false},"author":2,"featured_media":36462,"comment_status":"open","ping_status":"closed","template":"","dt_portfolio_category":[69,133],"dt_portfolio_tags":[],"_links":{"self":[{"href":"https:\/\/www.colegiodesafio.net\/home\/wp-json\/wp\/v2\/dt_portfolio\/36461"}],"collection":[{"href":"https:\/\/www.colegiodesafio.net\/home\/wp-json\/wp\/v2\/dt_portfolio"}],"about":[{"href":"https:\/\/www.colegiodesafio.net\/home\/wp-json\/wp\/v2\/types\/dt_portfolio"}],"author":[{"embeddable":true,"href":"https:\/\/www.colegiodesafio.net\/home\/wp-json\/wp\/v2\/users\/2"}],"replies":[{"embeddable":true,"href":"https:\/\/www.colegiodesafio.net\/home\/wp-json\/wp\/v2\/comments?post=36461"}],"version-history":[{"count":0,"href":"https:\/\/www.colegiodesafio.net\/home\/wp-json\/wp\/v2\/dt_portfolio\/36461\/revisions"}],"wp:featuredmedia":[{"embeddable":true,"href":"https:\/\/www.colegiodesafio.net\/home\/wp-json\/wp\/v2\/media\/36462"}],"wp:attachment":[{"href":"https:\/\/www.colegiodesafio.net\/home\/wp-json\/wp\/v2\/media?parent=36461"}],"wp:term":[{"taxonomy":"dt_portfolio_category","embeddable":true,"href":"https:\/\/www.colegiodesafio.net\/home\/wp-json\/wp\/v2\/dt_portfolio_category?post=36461"},{"taxonomy":"dt_portfolio_tags","embeddable":true,"href":"https:\/\/www.colegiodesafio.net\/home\/wp-json\/wp\/v2\/dt_portfolio_tags?post=36461"}],"curies":[{"name":"wp","href":"https:\/\/api.w.org\/{rel}","templated":true}]}}

2ª Parte do Pré Lançamento do Desafio Poético
