{"id":36587,"date":"2010-05-09T16:36:07","date_gmt":"2010-05-09T16:36:07","guid":{"rendered":"http:\/\/www.colegiodesafio.net\/home\/?post_type=dt_portfolio&#038;p=36587"},"modified":"2015-08-07T20:20:31","modified_gmt":"2015-08-07T20:20:31","slug":"alunos-da-ed-infantil-dancando-balao-magico","status":"publish","type":"dt_portfolio","link":"https:\/\/www.colegiodesafio.net\/home\/videos\/alunos-da-ed-infantil-dancando-balao-magico\/","title":{"rendered":"Alunos da Ed.Infantil Dan\u00e7ando Bal\u00e3o M\u00e1gico"},"content":{"rendered":"","protected":false},"excerpt":{"rendered":"","protected":false},"author":2,"featured_media":36588,"comment_status":"open","ping_status":"closed","template":"","dt_portfolio_category":[69],"dt_portfolio_tags":[],"_links":{"self":[{"href":"https:\/\/www.colegiodesafio.net\/home\/wp-json\/wp\/v2\/dt_portfolio\/36587"}],"collection":[{"href":"https:\/\/www.colegiodesafio.net\/home\/wp-json\/wp\/v2\/dt_portfolio"}],"about":[{"href":"https:\/\/www.colegiodesafio.net\/home\/wp-json\/wp\/v2\/types\/dt_portfolio"}],"author":[{"embeddable":true,"href":"https:\/\/www.colegiodesafio.net\/home\/wp-json\/wp\/v2\/users\/2"}],"replies":[{"embeddable":true,"href":"https:\/\/www.colegiodesafio.net\/home\/wp-json\/wp\/v2\/comments?post=36587"}],"version-history":[{"count":0,"href":"https:\/\/www.colegiodesafio.net\/home\/wp-json\/wp\/v2\/dt_portfolio\/36587\/revisions"}],"wp:featuredmedia":[{"embeddable":true,"href":"https:\/\/www.colegiodesafio.net\/home\/wp-json\/wp\/v2\/media\/36588"}],"wp:attachment":[{"href":"https:\/\/www.colegiodesafio.net\/home\/wp-json\/wp\/v2\/media?parent=36587"}],"wp:term":[{"taxonomy":"dt_portfolio_category","embeddable":true,"href":"https:\/\/www.colegiodesafio.net\/home\/wp-json\/wp\/v2\/dt_portfolio_category?post=36587"},{"taxonomy":"dt_portfolio_tags","embeddable":true,"href":"https:\/\/www.colegiodesafio.net\/home\/wp-json\/wp\/v2\/dt_portfolio_tags?post=36587"}],"curies":[{"name":"wp","href":"https:\/\/api.w.org\/{rel}","templated":true}]}}

Alunos da Ed.Infantil Dançando Balão Mágico
