{"id":30298,"date":"2014-08-29T17:00:39","date_gmt":"2014-08-29T17:00:39","guid":{"rendered":"http:\/\/the7.dream-demo.com\/?page_id=26095"},"modified":"2015-06-27T19:56:08","modified_gmt":"2015-06-27T19:56:08","slug":"missao-visao-e-valores","status":"publish","type":"page","link":"https:\/\/www.colegiodesafio.net\/home\/colegio\/missao-visao-e-valores\/","title":{"rendered":"Miss\u00e3o, Vis\u00e3o e Valores"},"content":{"rendered":"<p>[vc_row][vc_column width=&#8221;1\/1&#8243;][vc_tour interval=&#8221;0&#8243; style=&#8221;tab-style-one&#8221;][vc_tab title=&#8221;Miss\u00e3o&#8221; tab_id=&#8221;309b7da2-54fb-3&#8243;][vc_column_text]<\/p>\n<p style=\"text-align: justify;\">O Col\u00e9gio Desafio busca realizar um trabalho pautado no desenvolvimento intelectual e social de seus educandos, atendendo-os nos seus aspectos individuais e coletivos. A institui\u00e7\u00e3o se prop\u00f5e a oferecer um ensino adequado a todas as faixas et\u00e1rias que atende respeitando seus interesses e motiva\u00e7\u00f5es, garantindo a forma\u00e7\u00e3o de cidad\u00e3os aut\u00f4nomos, cr\u00edticos e participativos, capazes de atuar com compet\u00eancia e responsabilidade.<\/p>\n<p style=\"text-align: justify;\">O Col\u00e9gio Desafio considera o pressuposto de que um trabalho educacional s\u00f3 pode ser eficiente quando todas as partes envolvidas se integram, por isso busca incansavelmente a uni\u00e3o do corpo docente, dos funcion\u00e1rios, dos alunos e suas fam\u00edlias tornando o ambiente escolar din\u00e2mico, solid\u00e1rio e cooperativo.<\/p>\n<p style=\"text-align: justify;\">Nossa maior miss\u00e3o \u00e9 formar com qualidade, refer\u00eancia e responsabilidade garantindo que todos os objetivos propostos para cada s\u00e9rie escolar sejam efetivamente conquistados.<\/p>\n<p>[\/vc_column_text][\/vc_tab][vc_tab title=&#8221;Vis\u00e3o&#8221; tab_id=&#8221;c29f4d66-5b5f-3&#8243;][vc_column_text]<\/p>\n<p style=\"text-align: justify;\">O Col\u00e9gio Desafio fundamenta sua filosofia de educa\u00e7\u00e3o na consci\u00eancia de sua fun\u00e7\u00e3o em formar cidad\u00e3os aut\u00f4nomos, que busquem construir uma sociedade justa, \u00e9tica e solid\u00e1ria. Atrav\u00e9s da educa\u00e7\u00e3o com qualidade busca-se o desenvolvimento integral do educando conduzindo-o \u00e0 a\u00e7\u00f5es criativas, \u00e9ticas e respeitosas. Oportunizando assim, ao aluno a possibilidade de avaliar, cooperar e participar dessas a\u00e7\u00f5es permitindo-lhe compreender e enfrentar a complexidade do mundo que o cerca.<\/p>\n<p>[\/vc_column_text][\/vc_tab][vc_tab title=&#8221;Valores&#8221; tab_id=&#8221;1435434625670-2-9&#8243;][vc_column_text]O Col\u00e9gio Desafio, com base em seu projeto pedag\u00f3gico, tem como valores:<br \/>\n\u2022 Respeito e Toler\u00e2ncia;<br \/>\n\u2022 Inova\u00e7\u00e3o tecnol\u00f3gica e pedag\u00f3gica;<br \/>\n\u2022 Apre\u00e7o a liberdade e a dignidade humana;<br \/>\n\u2022 Criticidade e criatividade;<br \/>\n\u2022 Desenvolvimento pessoal e social;<br \/>\n\u2022 \u00c9tica, integridade e honestidade como princ\u00edpios de a\u00e7\u00e3o pedag\u00f3gica;<br \/>\n\u2022 Compromisso com a\u00e7\u00f5es solid\u00e1rias, que promovam justi\u00e7a e paz;<br \/>\n\u2022 Valoriza\u00e7\u00e3o da cultura de nosso estado e nosso pa\u00eds;<br \/>\n\u2022 Capacita\u00e7\u00e3o permanente de todos os profissionais;[\/vc_column_text][\/vc_tab][\/vc_tour][\/vc_column][\/vc_row]<\/p>\n","protected":false},"excerpt":{"rendered":"<p>[vc_row][vc_column width=&#8221;1\/1&#8243;][vc_tour interval=&#8221;0&#8243; style=&#8221;tab-style-one&#8221;][vc_tab title=&#8221;Miss\u00e3o&#8221; tab_id=&#8221;309b7da2-54fb-3&#8243;][vc_column_text] O Col\u00e9gio Desafio busca realizar um trabalho pautado no desenvolvimento intelectual e social de seus educandos, atendendo-os nos seus aspectos individuais e coletivos. A institui\u00e7\u00e3o se prop\u00f5e a oferecer um ensino adequado a todas as faixas et\u00e1rias que atende respeitando seus interesses e motiva\u00e7\u00f5es, garantindo a forma\u00e7\u00e3o de cidad\u00e3os&hellip;<\/p>\n","protected":false},"author":2,"featured_media":0,"parent":12753,"menu_order":6,"comment_status":"closed","ping_status":"closed","template":"","meta":[],"_links":{"self":[{"href":"https:\/\/www.colegiodesafio.net\/home\/wp-json\/wp\/v2\/pages\/30298"}],"collection":[{"href":"https:\/\/www.colegiodesafio.net\/home\/wp-json\/wp\/v2\/pages"}],"about":[{"href":"https:\/\/www.colegiodesafio.net\/home\/wp-json\/wp\/v2\/types\/page"}],"author":[{"embeddable":true,"href":"https:\/\/www.colegiodesafio.net\/home\/wp-json\/wp\/v2\/users\/2"}],"replies":[{"embeddable":true,"href":"https:\/\/www.colegiodesafio.net\/home\/wp-json\/wp\/v2\/comments?post=30298"}],"version-history":[{"count":0,"href":"https:\/\/www.colegiodesafio.net\/home\/wp-json\/wp\/v2\/pages\/30298\/revisions"}],"up":[{"embeddable":true,"href":"https:\/\/www.colegiodesafio.net\/home\/wp-json\/wp\/v2\/pages\/12753"}],"wp:attachment":[{"href":"https:\/\/www.colegiodesafio.net\/home\/wp-json\/wp\/v2\/media?parent=30298"}],"curies":[{"name":"wp","href":"https:\/\/api.w.org\/{rel}","templated":true}]}}