{"id":46709,"date":"2015-07-30T01:29:25","date_gmt":"2015-07-30T01:29:25","guid":{"rendered":"http:\/\/www.colegiodesafio.net\/home\/?page_id=46709"},"modified":"2022-04-11T17:21:26","modified_gmt":"2022-04-11T17:21:26","slug":"palavra-da-diretora","status":"publish","type":"page","link":"https:\/\/www.colegiodesafio.net\/home\/colegio\/palavra-da-diretora\/","title":{"rendered":"Palavra da diretora"},"content":{"rendered":"\t\t<div data-elementor-type=\"wp-page\" data-elementor-id=\"46709\" class=\"elementor elementor-46709\" data-elementor-settings=\"[]\">\n\t\t\t\t\t\t\t<div class=\"elementor-section-wrap\">\n\t\t\t\t\t\t\t<section class=\"elementor-section elementor-top-section elementor-element elementor-element-46ca6918 elementor-section-boxed elementor-section-height-default elementor-section-height-default\" data-id=\"46ca6918\" data-element_type=\"section\">\n\t\t\t\t\t\t<div class=\"elementor-container elementor-column-gap-default\">\n\t\t\t\t\t<div class=\"elementor-column elementor-col-100 elementor-top-column elementor-element elementor-element-4763a6f8\" data-id=\"4763a6f8\" data-element_type=\"column\">\n\t\t\t<div class=\"elementor-widget-wrap elementor-element-populated\">\n\t\t\t\t\t\t\t\t<div class=\"elementor-element elementor-element-5b5534ca elementor-widget elementor-widget-text-editor\" data-id=\"5b5534ca\" data-element_type=\"widget\" data-widget_type=\"text-editor.default\">\n\t\t\t\t<div class=\"elementor-widget-container\">\n\t\t\t\t\t\t\t[vc_row][vc_column][vc_column_text]\n<p style=\"text-align: justify;\">Palavra da diretora<\/p>\nNos dias atuais, n\u00e3o existem receitas para educar filhos e obter sucesso. O que existe \u00e9 uma educa\u00e7\u00e3o que, cada vez mais, tem exigido de n\u00f3s perceber as pessoas em sua totalidade, isto \u00e9, enxerg\u00e1-las a partir de uma multiplicidade de valores e habilidades.\n\nNesse sentido, o desenvolvimento das compet\u00eancias socioemocionais ganhou espa\u00e7o significativo no contexto educacional, ensinando crian\u00e7as e adultos a colocar em pr\u00e1tica as melhores atitudes e habilidades, para que, independente da situa\u00e7\u00e3o, consigam \u201cgerenciar emo\u00e7\u00f5es, alcan\u00e7ar objetivos, demonstrar empatia, manter rela\u00e7\u00f5es sociais positivas, tomar decis\u00f5es de maneira respons\u00e1vel, entre outros\u201d.\n\nPensando no aprimoramento das compet\u00eancias socioemocionais, o Col\u00e9gio Desafio oferta em sua grade de conte\u00fados curriculares, desde 2017, a disciplina Metodologia OPEE \u2013 Orienta\u00e7\u00e3o Profissional, Empregabilidade e Empreendedorismo \u2013 criada pelo psicoterapeuta educacional Leo Fraiman que discorre com propriedade sobre a import\u00e2ncia da constru\u00e7\u00e3o de projetos de vida, sustentado em eixos fundamentais para a forma\u00e7\u00e3o humana, como o autoconhecimento, a intelig\u00eancia emocional e a atitude empreendedora. Nas aulas, os alunos s\u00e3o levados a refletir sobre variados temas (educa\u00e7\u00e3o financeira; consumo consciente; profiss\u00e3o, reciclagem, entre outros) e a construir solu\u00e7\u00f5es empreendedoras. Todavia, o trabalho da Metodologia Opee vai al\u00e9m da sala de aula. Ele prima pelo contato e participa\u00e7\u00e3o da fam\u00edlia, auxiliando-a no desafio da educa\u00e7\u00e3o de crian\u00e7as e jovens pelos quais s\u00e3o respons\u00e1veis, potencializando a constru\u00e7\u00e3o de seus projetos de vida por um mundo melhor.\n\n2021 foi um ano repleto de projetos voltados ao desenvolvimento das compet\u00eancias cognitivas e socioemocionais. E, nessa vertente, desejamos dar continuidade a esse trabalho de excel\u00eancia que realizamos h\u00e1 19 anos e que, cotidianamente, s\u00e3o aprimorados e pensados para atender \u00e0s necessidades de nossos clientes. Obrigada por acreditar em nossa institui\u00e7\u00e3o e por fazer parte da Fam\u00edlia Desafio. Acreditamos que o ano de 2022 ser\u00e1 ainda mais promissor, com novas perspectivas de trabalho e altos voos. Estamos felizes por t\u00ea-lo (a) aqui conosco.\n<table border=\"0\" width=\"500\" cellspacing=\"5\" cellpadding=\"0\" align=\"right\">\n<tbody>\n<tr>\n<td width=\"\"><img loading=\"lazy\" class=\"alignnone wp-image-77502 size-full\" src=\"https:\/\/www.colegiodesafio.net\/home\/wp-content\/uploads\/2022\/04\/elisangela-150.jpg\" alt=\"\" width=\"150\" height=\"179\" \/><\/td>\n<td>Elisangela Guimar\u00e3es X. Pimentel\nEspecialista em Gest\u00e3o Escolar<\/td>\n<\/tr>\n<\/tbody>\n<\/table>\n[\/vc_column_text][\/vc_column][\/vc_row]\t\t\t\t\t\t<\/div>\n\t\t\t\t<\/div>\n\t\t\t\t\t<\/div>\n\t\t<\/div>\n\t\t\t\t\t\t\t<\/div>\n\t\t<\/section>\n\t\t\t\t\t\t<\/div>\n\t\t\t\t\t<\/div>\n\t\t","protected":false},"excerpt":{"rendered":"<p>[vc_row][vc_column][vc_column_text] Palavra da diretora Nos dias atuais, n\u00e3o existem receitas para educar filhos e obter sucesso. O que existe \u00e9 uma educa\u00e7\u00e3o que, cada vez mais, tem exigido de n\u00f3s perceber as pessoas em sua totalidade, isto \u00e9, enxerg\u00e1-las a partir de uma multiplicidade de valores e habilidades. Nesse sentido, o desenvolvimento das compet\u00eancias socioemocionais&hellip;<\/p>\n","protected":false},"author":2,"featured_media":0,"parent":12753,"menu_order":0,"comment_status":"closed","ping_status":"closed","template":"","meta":[],"_links":{"self":[{"href":"https:\/\/www.colegiodesafio.net\/home\/wp-json\/wp\/v2\/pages\/46709"}],"collection":[{"href":"https:\/\/www.colegiodesafio.net\/home\/wp-json\/wp\/v2\/pages"}],"about":[{"href":"https:\/\/www.colegiodesafio.net\/home\/wp-json\/wp\/v2\/types\/page"}],"author":[{"embeddable":true,"href":"https:\/\/www.colegiodesafio.net\/home\/wp-json\/wp\/v2\/users\/2"}],"replies":[{"embeddable":true,"href":"https:\/\/www.colegiodesafio.net\/home\/wp-json\/wp\/v2\/comments?post=46709"}],"version-history":[{"count":11,"href":"https:\/\/www.colegiodesafio.net\/home\/wp-json\/wp\/v2\/pages\/46709\/revisions"}],"predecessor-version":[{"id":77505,"href":"https:\/\/www.colegiodesafio.net\/home\/wp-json\/wp\/v2\/pages\/46709\/revisions\/77505"}],"up":[{"embeddable":true,"href":"https:\/\/www.colegiodesafio.net\/home\/wp-json\/wp\/v2\/pages\/12753"}],"wp:attachment":[{"href":"https:\/\/www.colegiodesafio.net\/home\/wp-json\/wp\/v2\/media?parent=46709"}],"curies":[{"name":"wp","href":"https:\/\/api.w.org\/{rel}","templated":true}]}}